 is the thousands digit of 5517?
5
What is the units digit of 407?
7
What is the tens digit of 22181?
8
What is the ten thousands digit of 34971?
3
What is the units digit of 876?
6
What is the hundreds digit of 9977?
9
What is the tens digit of 3702?
0
What is the ten thousands digit of 36282?
3
What is the tens digit of 16240?
4
What is the ten thousands digit of 10071?
1
What is the hundreds digit of 938?
9
What is the hundreds digit of 11318?
3
What is the units digit of 11957?
7
What is the tens digit of 366?
6
What is the hundreds digit of 309?
3
What is the hundreds digit of 475?
4
What is the thousands digit of 34711?
4
What is the tens digit of 1810?
1
What is the hundreds digit of 1797?
7
What is the hundreds digit of 4585?
5
What is the ten thousands digit of 19330?
1
What is the hundreds digit of 5144?
1
What is the tens digit of 10169?
6
What is the hundreds digit of 140?
1
What is the thousands digit of 42437?
2
What is the units digit of 19956?
6
What is the units digit of 27739?
9
What is the tens digit of 5052?
5
What is the hundreds digit of 123016?
0
What is the hundreds digit of 3049?
0
What is the hundreds digit of 1408?
4
What is the hundreds digit of 1445?
4
What is the tens digit of 1040?
4
What is the tens digit of 88?
8
What is the thousands digit of 1814?
1
What is the hundreds digit of 26497?
4
What is the ten thousands digit of 12269?
1
What is the hundreds digit of 3772?
7
What is the units digit of 5684?
4
What is the hundreds digit of 45444?
4
What is the ten thousands digit of 15212?
1
What is the units digit of 20489?
9
What is the ten thousands digit of 91903?
9
What is the thousands digit of 101474?
1
What is the units digit of 183?
3
What is the ten thousands digit of 18093?
1
What is the tens digit of 4776?
7
What is the ten thousands digit of 11202?
1
What is the ten thousands digit of 15252?
1
What is the tens digit of 608?
0
What is the ten thousands digit of 153197?
5
What is the thousands digit of 9042?
9
What is the thousands digit of 62798?
2
What is the hundreds digit of 36106?
1
What is the hundreds digit of 2920?
9
What is the units digit of 34500?
0
What is the thousands digit of 54034?
4
What is the thousands digit of 1215?
1
What is the units digit of 1513?
3
What is the hundreds digit of 4751?
7
What is the ten thousands digit of 61084?
6
What is the units digit of 5850?
0
What is the tens digit of 4841?
4
What is the hundreds digit of 305?
3
What is the units digit of 2706?
6
What is the hundreds digit of 434?
4
What is the thousands digit of 7965?
7
What is the thousands digit of 5378?
5
What is the hundreds digit of 6224?
2
What is the hundreds digit of 237?
2
What is the units digit of 321?
1
What is the hundreds digit of 25916?
9
What is the thousands digit of 19612?
9
What is the tens digit of 1430?
3
What is the thousands digit of 11038?
1
What is the tens digit of 1657?
5
What is the units digit of 3056?
6
What is the hundreds digit of 138?
1
What is the units digit of 40175?
5
What is the units digit of 224?
4
What is the tens digit of 7040?
4
What is the tens digit of 13?
1
What is the units digit of 1746?
6
What is the units digit of 2157?
7
What is the tens digit of 55477?
7
What is the ten thousands digit of 85481?
8
What is the ten thousands digit of 20191?
2
What is the units digit of 384?
4
What is the ten thousands digit of 14580?
1
What is the hundreds digit of 623?
6
What is the ten thousands digit of 84173?
8
What is the tens digit of 3650?
5
What is the tens digit of 804?
0
What is the hundreds digit of 967?
9
What is the units digit of 2779?
9
What is the units digit of 1298?
8
What is the hundreds digit of 446?
4
What is the tens digit of 1142?
4
What is the units digit of 2332?
2
What is the units digit of 10232?
2
What is the tens digit of 4142?
4
What is the ten thousands digit of 20567?
2
What is the ten thousands digit of 167730?
6
What is the ten thousands digit of 11051?
1
What is the units digit of 28482?
2
What is the thousands digit of 2680?
2
What is the hundreds digit of 26458?
4
What is the thousands digit of 2959?
2
What is the tens digit of 254?
5
What is the hundreds digit of 1499?
4
What is the thousands digit of 8382?
8
What is the tens digit of 1243?
4
What is the units digit of 69168?
8
What is the units digit of 1274?
4
What is the hundreds digit of 870?
8
What is the hundreds digit of 29011?
0
What is the hundreds digit of 66202?
2
What is the tens digit of 2383?
8
What is the ten thousands digit of 41213?
4
What is the units digit of 3448?
8
What is the ten thousands digit of 19175?
1
What is the tens digit of 574?
7
What is the ten thousands digit of 28139?
2
What is the thousands digit of 3924?
3
What is the hundreds digit of 28028?
0
What is the tens digit of 866?
6
What is the hundreds digit of 28113?
1
What is the hundreds digit of 2966?
9
What is the thousands digit of 25481?
5
What is the units digit of 380?
0
What is the tens digit of 6176?
7
What is the tens digit of 124123?
2
What is the ten thousands digit of 12892?
1
What is the ten thousands digit of 49860?
4
What is the tens digit of 3315?
1
What is the thousands digit of 1087?
1
What is the hundreds digit of 36031?
0
What is the tens digit of 1641?
4
What is the tens digit of 6198?
9
What is the units digit of 37800?
0
What is the tens digit of 11358?
5
What is the tens digit of 4721?
2
What is the thousands digit of 44950?
4
What is the hundred thousands digit of 121718?
1
What is the tens digit of 74?
7
What is the tens digit of 399?
9
What is the hundreds digit of 512?
5
What is the tens digit of 50816?
1
What is the ten thousands digit of 28388?
2
What is the units digit of 13472?
2
What is the units digit of 6306?
6
What is the thousands digit of 4552?
4
What is the hundreds digit of 154?
1
What is the hundreds digit of 381?
3
What is the ten thousands digit of 11245?
1
What is the hundreds digit of 1523?
5
What is the hundreds digit of 874?
8
What is the tens digit of 772?
7
What is the hundreds digit of 111?
1
What is the tens digit of 493?
9
What is the hundreds digit of 4563?
5
What is the units digit of 9284?
4
What is the thousands digit of 28204?
8
What is the thousands digit of 7866?
7
What is the tens digit of 80047?
4
What is the hundreds digit of 207?
2
What is the hundreds digit of 1238?
2
What is the tens digit of 942?
4
What is the thousands digit of 1461?
1
What is the tens digit of 1568?
6
What is the hundreds digit of 365?
3
What is the units digit of 46476?
6
What is the tens digit of 6063?
6
What is the units digit of 2051?
1
What is the ten thousands digit of 28652?
2
What is the hundreds digit of 12354?
3
What is the hundreds digit of 1375?
3
What is the ten thousands digit of 14966?
1
What is the units digit of 3201?
1
What is the hundreds digit of 3023?
0
What is the units digit of 3?
3
What is the hundreds digit of 1444?
4
What is the hundreds digit of 22064?
0
What is the hundreds digit of 343?
3
What is the tens digit of 189?
8
What is the ten thousands digit of 31597?
3
What is the units digit of 6445?
5
What is the tens digit of 99409?
0
What is the tens digit of 2337?
3
What is the units digit of 1690?
0
What is the units digit of 599?
9
What is the tens digit of 8942?
4
What is the hundreds digit of 4850?
8
What is the tens digit of 4129?
2
What is the tens digit of 3140?
4
What is the units digit of 68?
8
What is the tens digit of 5694?
9
What is the hundreds digit of 17056?
0
What is the tens digit of 17897?
9
What is the hundreds digit of 87588?
5
What is the ten thousands digit of 26393?
2
What is the thousands digit of 28161?
8
What is the units digit of 482?
2
What is the tens digit of 35859?
5
What is the thousands digit of 28617?
8
What is the ten thousands digit of 70672?
7
What is the tens digit of 27?
2
What is the hundreds digit of 320?
3
What is the units digit of 429?
9
What is the tens digit of 20247?
4
What is the units digit of 372?
2
What is the units digit of 9144?
4
What is the units digit of 635?
5
What is the thousands digit of 1461?
1
What is the hundreds digit of 22422?
4
What is the units digit of 44170?
0
What is the units digit of 32406?
6
What is the thousands digit of 1699?
1
What is the tens digit of 1831?
3
What 